{"id":2778,"date":"2014-02-26T13:22:15","date_gmt":"2014-02-26T11:22:15","guid":{"rendered":"http:\/\/kndrc.com\/demo\/?page_id=2778"},"modified":"2014-03-10T16:44:22","modified_gmt":"2014-03-10T14:44:22","slug":"maden","status":"publish","type":"page","link":"http:\/\/agreton.com.tr\/tr\/?page_id=2778","title":{"rendered":"MADEN"},"content":{"rendered":"<div class=\"symple-column symple-one-half symple-column-first \"><span style=\"font-size: 1rem;\"><strong>Agrega \u00fcretimi;<\/strong> Selvio\u011flu K\u00f6y\u00fc \u00c7uhadarlar Mahallesindeki agrega tesislerinde ger\u00e7ekle\u015ftirilmektedir. Tesisin kapasitesi 300ton\/saat dir.<\/span><\/p>\n<p><img loading=\"lazy\" decoding=\"async\" class=\"alignnone size-full wp-image-2886\" alt=\"maden\" src=\"http:\/\/agreton.com.tr\/tr\/wp-content\/uploads\/2014\/02\/maden.jpg\" width=\"462\" height=\"226\" srcset=\"http:\/\/agreton.com.tr\/tr\/wp-content\/uploads\/2014\/02\/maden.jpg 462w, http:\/\/agreton.com.tr\/tr\/wp-content\/uploads\/2014\/02\/maden-250x122.jpg 250w\" sizes=\"auto, (max-width: 462px) 100vw, 462px\" \/><\/p>\n<p><span style=\"line-height: 1.714285714; font-size: 1rem;\">\u00dcretilen agregalar firmam\u0131zca \u00fcretilen haz\u0131r beton , prefabrik yap\u0131lar ve parke imalat\u0131nda kullan\u0131lmakta , di\u011fer bir b\u00f6l\u00fcm\u00fc ise talep edilmesi durumunda sat\u0131labilmektedir.<\/span><span style=\"line-height: 1.714285714; font-size: 1rem;\"><\/div><\/span><\/p>\n<div class=\"symple-column symple-one-half symple-column-last \"><strong>Tesislerimizde ;<\/strong><\/p>\n<p><em><strong><span style=\"font-size: 1rem; line-height: 1.714285714;\">\u0130nce agrega s\u0131n\u0131f\u0131nda<\/span><\/strong><\/em><\/p>\n<ul>\n<li>0 -5 mm\u00a0agrega<\/li>\n<li>0 -9 mm\u00a0agrega<\/li>\n<li>\u0130ri agrega<\/li>\n<li>5 -12 mm\u00a0agrega<\/li>\n<li>12 -22 mm tane\u00a0agrega<\/li>\n<\/ul>\n<p><em><strong><span style=\"font-size: 1rem; line-height: 1.714285714;\">Dolgu malzemesi s\u0131n\u0131f\u0131nda<\/span><\/strong><\/em><\/p>\n<ul>\n<li>0 \u2013 14 ; 0 -25 ; 0 \u2013 38 mm\u00a0agrega<\/li>\n<\/ul>\n<p><span style=\"line-height: 1.714285714; font-size: 1rem;\">malzeme ve by pass \u00fcretilmektedir.<\/span><\/div>\n<p>&nbsp;<\/p>\n","protected":false},"excerpt":{"rendered":"<p>&nbsp;<\/p>\n","protected":false},"author":1,"featured_media":0,"parent":0,"menu_order":0,"comment_status":"open","ping_status":"open","template":"page-templates\/full-width.php","meta":{"footnotes":""},"class_list":["post-2778","page","type-page","status-publish","hentry"],"_links":{"self":[{"href":"http:\/\/agreton.com.tr\/tr\/index.php?rest_route=\/wp\/v2\/pages\/2778","targetHints":{"allow":["GET"]}}],"collection":[{"href":"http:\/\/agreton.com.tr\/tr\/index.php?rest_route=\/wp\/v2\/pages"}],"about":[{"href":"http:\/\/agreton.com.tr\/tr\/index.php?rest_route=\/wp\/v2\/types\/page"}],"author":[{"embeddable":true,"href":"http:\/\/agreton.com.tr\/tr\/index.php?rest_route=\/wp\/v2\/users\/1"}],"replies":[{"embeddable":true,"href":"http:\/\/agreton.com.tr\/tr\/index.php?rest_route=%2Fwp%2Fv2%2Fcomments&post=2778"}],"version-history":[{"count":12,"href":"http:\/\/agreton.com.tr\/tr\/index.php?rest_route=\/wp\/v2\/pages\/2778\/revisions"}],"predecessor-version":[{"id":2936,"href":"http:\/\/agreton.com.tr\/tr\/index.php?rest_route=\/wp\/v2\/pages\/2778\/revisions\/2936"}],"wp:attachment":[{"href":"http:\/\/agreton.com.tr\/tr\/index.php?rest_route=%2Fwp%2Fv2%2Fmedia&parent=2778"}],"curies":[{"name":"wp","href":"https:\/\/api.w.org\/{rel}","templated":true}]}}

<div class="symple-column symple-one-half symple-column-first "><span style="font-size: 1rem;"><strong>Agrega üretimi;</strong> Selvioğlu Köyü Çuhadarlar Mahallesindeki agrega tesislerinde gerçekleştirilmektedir. Tesisin kapasitesi 300ton/saat dir.</span></p>
<p><img loading="lazy" decoding="async" class="alignnone size-full wp-image-2886" alt="maden" src="http://agreton.com.tr/tr/wp-content/uploads/2014/02/maden.jpg" width="462" height="226" srcset="http://agreton.com.tr/tr/wp-content/uploads/2014/02/maden.jpg 462w, http://agreton.com.tr/tr/wp-content/uploads/2014/02/maden-250x122.jpg 250w" sizes="auto, (max-width: 462px) 100vw, 462px" /></p>
<p><span style="line-height: 1.714285714; font-size: 1rem;">Üretilen agregalar firmamızca üretilen hazır beton , prefabrik yapılar ve parke imalatında kullanılmakta , diğer bir bölümü ise talep edilmesi durumunda satılabilmektedir.</span><span style="line-height: 1.714285714; font-size: 1rem;"></div></span></p>
<div class="symple-column symple-one-half symple-column-last "><strong>Tesislerimizde ;</strong></p>
<p><em><strong><span style="font-size: 1rem; line-height: 1.714285714;">İnce agrega sınıfında</span></strong></em></p>
<ul>
<li>0 -5 mm agrega</li>
<li>0 -9 mm agrega</li>
<li>İri agrega</li>
<li>5 -12 mm agrega</li>
<li>12 -22 mm tane agrega</li>
</ul>
<p><em><strong><span style="font-size: 1rem; line-height: 1.714285714;">Dolgu malzemesi sınıfında</span></strong></em></p>
<ul>
<li>0 – 14 ; 0 -25 ; 0 – 38 mm agrega</li>
</ul>
<p><span style="line-height: 1.714285714; font-size: 1rem;">malzeme ve by pass üretilmektedir.</span></div>
<p>&nbsp;</p>
